{"id":3335,"date":"2014-04-07T16:28:10","date_gmt":"2014-04-07T16:28:10","guid":{"rendered":"https:\/\/www.tiberi.es\/catering-shop-mallorca\/?page_id=3335"},"modified":"2023-05-02T17:20:30","modified_gmt":"2023-05-02T15:20:30","slug":"contacto","status":"publish","type":"page","link":"https:\/\/www.tiberi.es\/catering-shop-mallorca\/contacto\/","title":{"rendered":"Contacto"},"content":{"rendered":"<section class=\"l-section wpb_row us_custom_e11ab399 height_small\"><div class=\"l-section-h i-cf\"><div class=\"g-cols vc_row via_flex valign_middle type_default stacking_default\"><div class=\"vc_col-sm-6 wpb_column vc_column_container\"><div class=\"vc_column-inner\"><div class=\"wpb_wrapper\"><h1 class=\"w-post-elm post_title us_custom_607cd7e8 entry-title color_link_inherit\">Contacto<\/h1><\/div><\/div><\/div><div class=\"vc_col-sm-6 wpb_column vc_column_container\"><div class=\"vc_column-inner\"><div class=\"wpb_wrapper\"><nav class=\"g-breadcrumbs us_custom_ea2be81a separator_icon align_right\" itemscope itemtype=\"http:\/\/schema.org\/BreadcrumbList\"><div class=\"g-breadcrumbs-item\" itemscope itemprop=\"itemListElement\" itemtype=\"http:\/\/schema.org\/ListItem\"><a itemprop=\"item\" href=\"https:\/\/www.tiberi.es\/catering-shop-mallorca\/\"><span itemprop=\"name\">Inicio<\/span><\/a><meta itemprop=\"position\" content=\"1\"\/><\/div><div class=\"g-breadcrumbs-separator\"><i class=\"far fa-angle-right\"><\/i><\/div><div class=\"g-breadcrumbs-item\">P\u00e1ginas<\/div><\/nav><\/div><\/div><\/div><\/div><\/div><\/section><section class=\"l-section wpb_row height_medium\"><div class=\"l-section-h i-cf\"><div class=\"g-cols vc_row via_flex valign_top type_default stacking_default\"><div class=\"vc_col-sm-6 wpb_column vc_column_container\"><div class=\"vc_column-inner\"><div class=\"wpb_wrapper\">\n<div class=\"wpcf7 no-js\" id=\"wpcf7-f7694-o1\" lang=\"es-ES\" dir=\"ltr\" data-wpcf7-id=\"7694\">\n<div class=\"screen-reader-response\"><p role=\"status\" aria-live=\"polite\" aria-atomic=\"true\"><\/p> <ul><\/ul><\/div>\n<form action=\"\/catering-shop-mallorca\/wp-json\/wp\/v2\/pages\/3335#wpcf7-f7694-o1\" method=\"post\" class=\"wpcf7-form init wpcf7-acceptance-as-validation\" aria-label=\"Formulario de contacto\" novalidate=\"novalidate\" data-status=\"init\">\n<fieldset class=\"hidden-fields-container\"><input type=\"hidden\" name=\"_wpcf7\" value=\"7694\" \/><input type=\"hidden\" name=\"_wpcf7_version\" value=\"6.1.4\" \/><input type=\"hidden\" name=\"_wpcf7_locale\" value=\"es_ES\" \/><input type=\"hidden\" name=\"_wpcf7_unit_tag\" value=\"wpcf7-f7694-o1\" \/><input type=\"hidden\" name=\"_wpcf7_container_post\" value=\"0\" \/><input type=\"hidden\" name=\"_wpcf7_posted_data_hash\" value=\"\" \/><input type=\"hidden\" name=\"_wpcf7_recaptcha_response\" value=\"\" \/>\n<\/fieldset>\n<p>Tu nombre (requerido)\n<\/p>\n<p><span class=\"wpcf7-form-control-wrap\" data-name=\"your-name\"><input size=\"40\" maxlength=\"400\" class=\"wpcf7-form-control wpcf7-text wpcf7-validates-as-required\" aria-required=\"true\" aria-invalid=\"false\" value=\"\" type=\"text\" name=\"your-name\" \/><\/span>\n<\/p>\n<p>Email (requerido)\n<\/p>\n<p><span class=\"wpcf7-form-control-wrap\" data-name=\"your-email\"><input size=\"40\" maxlength=\"400\" class=\"wpcf7-form-control wpcf7-email wpcf7-validates-as-required wpcf7-text wpcf7-validates-as-email\" aria-required=\"true\" aria-invalid=\"false\" value=\"\" type=\"email\" name=\"your-email\" \/><\/span>\n<\/p>\n<p>Tel\u00e9fono (requerido)\n<\/p>\n<p><span class=\"wpcf7-form-control-wrap\" data-name=\"tel-784\"><input size=\"40\" maxlength=\"400\" class=\"wpcf7-form-control wpcf7-tel wpcf7-validates-as-required wpcf7-text wpcf7-validates-as-tel\" aria-required=\"true\" aria-invalid=\"false\" value=\"\" type=\"tel\" name=\"tel-784\" \/><\/span>\n<\/p>\n<p>Asunto (requerido)\n<\/p>\n<p><span class=\"wpcf7-form-control-wrap\" data-name=\"your-subject\"><input size=\"40\" maxlength=\"400\" class=\"wpcf7-form-control wpcf7-text wpcf7-validates-as-required\" aria-required=\"true\" aria-invalid=\"false\" value=\"\" type=\"text\" name=\"your-subject\" \/><\/span>\n<\/p>\n<p>Soy (requerido)\n<\/p>\n<p><span class=\"wpcf7-form-control-wrap\" data-name=\"soy\"><select class=\"wpcf7-form-control wpcf7-select wpcf7-validates-as-required\" aria-required=\"true\" aria-invalid=\"false\" multiple=\"multiple\" name=\"soy[]\"><option value=\"Particular\">Particular<\/option><option value=\"Empresa\">Empresa<\/option><option value=\"Embarcaci\u00f3n\">Embarcaci\u00f3n<\/option><\/select><\/span>\n<\/p>\n<p>Lugar\n<\/p>\n<p><span class=\"wpcf7-form-control-wrap\" data-name=\"Lugar\"><input size=\"40\" maxlength=\"400\" class=\"wpcf7-form-control wpcf7-text\" aria-invalid=\"false\" value=\"\" type=\"text\" name=\"Lugar\" \/><\/span>\n<\/p>\n<p>Fecha\n<\/p>\n<p><span class=\"wpcf7-form-control-wrap\" data-name=\"Fecha\"><input size=\"40\" maxlength=\"400\" class=\"wpcf7-form-control wpcf7-text\" aria-invalid=\"false\" value=\"\" type=\"text\" name=\"Fecha\" \/><\/span>\n<\/p>\n<p>Mensaje\n<\/p>\n<p><span class=\"wpcf7-form-control-wrap\" data-name=\"your-message\"><textarea cols=\"40\" rows=\"10\" maxlength=\"2000\" class=\"wpcf7-form-control wpcf7-textarea\" aria-invalid=\"false\" name=\"your-message\"><\/textarea><\/span>\n<\/p>\n<p class=\"termsandconditions\"><span class=\"wpcf7-form-control-wrap\" data-name=\"accept-this-1\"><span class=\"wpcf7-form-control wpcf7-acceptance\"><span class=\"wpcf7-list-item\"><input type=\"checkbox\" name=\"accept-this-1\" value=\"1\" aria-invalid=\"false\" \/><\/span><\/span><\/span> He le\u00eddo y acepto la POL\u00cdTICA DE PRIVACIDAD\n<\/p>\n<h3>POL\u00cdTICA DE DE PRIVACIDAD\n<\/h3>\n<p><iframe loading=\"lazy\" src=\"https:\/\/www.tiberi.es\/catering-shop-mallorca\/nota-formularios\/\" width=\"100%\" height=\"150\"><\/iframe>\n<\/p>\n\n<p><input class=\"wpcf7-form-control wpcf7-submit has-spinner\" type=\"submit\" value=\"Enviar\" \/>\n<\/p><div class=\"wpcf7-response-output\" aria-hidden=\"true\"><\/div>\n<\/form>\n<\/div>\n<\/div><\/div><\/div><div class=\"vc_col-sm-6 wpb_column vc_column_container\"><div class=\"vc_column-inner\"><div class=\"wpb_wrapper\"><div class=\"g-cols wpb_row via_flex valign_top type_default stacking_default\"><div class=\"vc_col-sm-12 wpb_column vc_column_container\"><div class=\"vc_column-inner\"><div class=\"wpb_wrapper\"><div class=\"w-iconbox us_custom_6499ddd3 iconpos_left style_outlined color_secondary align_left no_text\"><div class=\"w-iconbox-icon\" style=\"font-size:20px;\"><i class=\"far fa-map-marker-alt\"><\/i><\/div><div class=\"w-iconbox-meta\"><div class=\"w-iconbox-title\">Finca Tiberi Can Puceta Carretera Palma-Sineu, KM 15,5 &#8211; 07142 Santa Eug\u00e8nia<\/div><\/div><\/div><div class=\"w-iconbox us_custom_6499ddd3 iconpos_left style_outlined color_secondary align_left no_text\"><a href=\"mailto:tiberi@tiberi.es\" class=\"w-iconbox-link\" aria-label=\"tiberi@tiberi.es\"><div class=\"w-iconbox-icon\" style=\"font-size:20px;\"><i class=\"far fa-envelope\"><\/i><\/div><\/a><div class=\"w-iconbox-meta\"><div class=\"w-iconbox-title\"><a href=\"mailto:tiberi@tiberi.es\" class=\"w-iconbox-link\" aria-label=\"tiberi@tiberi.es\">tiberi@tiberi.es<\/a><\/div><\/div><\/div><div class=\"w-iconbox us_custom_6499ddd3 iconpos_left style_outlined color_secondary align_left no_text\"><a href=\"https:\/\/api.whatsapp.com\/send?phone=689035806&amp;text=WhatsApp\" class=\"w-iconbox-link\" aria-label=\"971 733 062 (9:00 h &#8211; 18:00 h)\"><div class=\"w-iconbox-icon\" style=\"font-size:20px;\"><i class=\"far fa-phone\"><\/i><\/div><\/a><div class=\"w-iconbox-meta\"><div class=\"w-iconbox-title\"><a href=\"https:\/\/api.whatsapp.com\/send?phone=689035806&amp;text=WhatsApp\" class=\"w-iconbox-link\" aria-label=\"971 733 062 (9:00 h &#8211; 18:00 h)\">971 733 062 (9:00 h &#8211; 18:00 h)<\/a><\/div><\/div><\/div><div class=\"w-iconbox us_custom_6499ddd3 iconpos_left style_outlined color_secondary align_left no_text\"><a href=\"https:\/\/api.whatsapp.com\/send?phone=689035806&amp;text=WhatsApp\" class=\"w-iconbox-link\" aria-label=\"689035806\"><div class=\"w-iconbox-icon\" style=\"font-size:20px;\"><i class=\"fab fa-whatsapp\"><\/i><\/div><\/a><div class=\"w-iconbox-meta\"><div class=\"w-iconbox-title\"><a href=\"https:\/\/api.whatsapp.com\/send?phone=689035806&amp;text=WhatsApp\" class=\"w-iconbox-link\" aria-label=\"689035806\">689035806<\/a><\/div><\/div><\/div><\/div><\/div><\/div><\/div><div class=\"g-cols wpb_row via_flex valign_top type_default stacking_default\" style=\"--additional-gap:10px;\"><div class=\"vc_col-sm-12 wpb_column vc_column_container\"><div class=\"vc_column-inner\"><div class=\"wpb_wrapper\"><div class=\"w-separator size_small\"><\/div><div class=\"w-map provider_google us_custom_2eb1a079\" id=\"us_map_1\"><div class=\"w-map-inner\"><div class=\"w-map-json\" onclick='return {&quot;address&quot;:&quot;39.612461,2.833981&quot;,&quot;disableDragging&quot;:0,&quot;disableZoom&quot;:0,&quot;hideControls&quot;:0,&quot;zoom&quot;:14,&quot;markers&quot;:[{&quot;address&quot;:&quot;39.612461,2.833981&quot;,&quot;html&quot;:&quot;Finca Tiberi Can Puceta - Carretera Palma-Sineu, KM 15,5 - 07142 Santa Eug\\u00e8nia&quot;,&quot;infowindow&quot;:0}],&quot;icon&quot;:{&quot;url&quot;:&quot;https:\\\/\\\/www.tiberi.es\\\/catering-shop-mallorca\\\/wp-content\\\/uploads\\\/2014\\\/04\\\/map-marker-403.png&quot;,&quot;size&quot;:[40,40]},&quot;maptype&quot;:&quot;ROADMAP&quot;}'><\/div><\/div><\/div><\/div><\/div><\/div><div class=\"vc_col-sm-12 wpb_column vc_column_container\"><div class=\"vc_column-inner\"><div class=\"wpb_wrapper\"><\/div><\/div><\/div><\/div><\/div><\/div><\/div><\/div><\/div><\/section>\n","protected":false},"excerpt":{"rendered":"ContactoInicioP\u00e1ginas Tu nombre (requerido) Email (requerido) Tel\u00e9fono (requerido) Asunto (requerido) Soy (requerido) ParticularEmpresaEmbarcaci\u00f3n Lugar Fecha Mensaje He le\u00eddo y acepto la POL\u00cdTICA DE PRIVACIDAD POL\u00cdTICA DE DE PRIVACIDAD Finca Tiberi Can Puceta Carretera Palma-Sineu, KM 15,5 &#8211; 07142 Santa Eug\u00e8niatiberi@tiberi.es971 733 062 (9:00 h &#8211; 18:00 h)689035806","protected":false},"author":1,"featured_media":0,"parent":0,"menu_order":0,"comment_status":"closed","ping_status":"open","template":"","meta":{"footnotes":""},"class_list":["post-3335","page","type-page","status-publish","hentry"],"_links":{"self":[{"href":"https:\/\/www.tiberi.es\/catering-shop-mallorca\/wp-json\/wp\/v2\/pages\/3335","targetHints":{"allow":["GET"]}}],"collection":[{"href":"https:\/\/www.tiberi.es\/catering-shop-mallorca\/wp-json\/wp\/v2\/pages"}],"about":[{"href":"https:\/\/www.tiberi.es\/catering-shop-mallorca\/wp-json\/wp\/v2\/types\/page"}],"author":[{"embeddable":true,"href":"https:\/\/www.tiberi.es\/catering-shop-mallorca\/wp-json\/wp\/v2\/users\/1"}],"replies":[{"embeddable":true,"href":"https:\/\/www.tiberi.es\/catering-shop-mallorca\/wp-json\/wp\/v2\/comments?post=3335"}],"version-history":[{"count":81,"href":"https:\/\/www.tiberi.es\/catering-shop-mallorca\/wp-json\/wp\/v2\/pages\/3335\/revisions"}],"predecessor-version":[{"id":10523,"href":"https:\/\/www.tiberi.es\/catering-shop-mallorca\/wp-json\/wp\/v2\/pages\/3335\/revisions\/10523"}],"wp:attachment":[{"href":"https:\/\/www.tiberi.es\/catering-shop-mallorca\/wp-json\/wp\/v2\/media?parent=3335"}],"curies":[{"name":"wp","href":"https:\/\/api.w.org\/{rel}","templated":true}]}}