{"id":7844,"date":"2016-08-10T09:51:22","date_gmt":"2016-08-10T07:51:22","guid":{"rendered":"https:\/\/www.tiberi.es\/catering-shop-mallorca\/?page_id=7844"},"modified":"2022-01-10T19:18:16","modified_gmt":"2022-01-10T17:18:16","slug":"platos-preparados-y-productos-para-fincas","status":"publish","type":"page","link":"https:\/\/www.tiberi.es\/catering-shop-mallorca\/platos-preparados-y-productos-para-fincas\/","title":{"rendered":"Platos preparados y productos para fincas"},"content":{"rendered":"<section class=\"l-section wpb_row height_small\"><div class=\"l-section-h i-cf\"><div class=\"g-cols vc_row via_flex valign_top type_default stacking_default\"><div class=\"vc_col-sm-12 wpb_column vc_column_container\"><div class=\"vc_column-inner\"><div class=\"wpb_wrapper\"><div class=\"wpb_text_column\"><div class=\"wpb_wrapper\"><p>Si est\u00e1s disfrutando de unas vacaciones en una finca y no quieres cocinar ni salir a comer o simplemente est\u00e1s buscando un servicio de catering para una celebraci\u00f3n especial, en Tiberi tenemos un surtido variado de productos y men\u00fas ideales para cualquier ocasi\u00f3n. Puedes consultar nuestras sugerencias de platos gourmet, platos para deportistas, elaborar tu propio men\u00fa escogiendo entre todos nuestros productos o solicitar nuestro servicio premium.<\/p>\n<p>Si necesitas consejo o una oferta personalizada, no dudes en ponerte en contacto con nuestro equipo rellenando el <a href=\"https:\/\/www.tiberi.es\/catering-shop-mallorca\/contacto\/?your-subject=Productos+para+Fincas\"><strong>formulario web<\/strong><\/a> o llamando al 971 733 062.<\/p>\n<p>Si necesitas servicios adicionales (cocineros, camareros, decoraci\u00f3n, vajilla, muebles&#8230;) en Tiberi tambi\u00e9n los ponemos a tu disposici\u00f3n, para ello visita nuestra secci\u00f3n <strong><a href=\"https:\/\/www.tiberi.es\/catering-shop-mallorca\/servicios\/\">Servicios<\/a><\/strong>.<\/p>\n<\/div><\/div><\/div><\/div><\/div><\/div><\/div><\/section><section class=\"l-section wpb_row height_small\"><div class=\"l-section-h i-cf\"><div class=\"g-cols vc_row via_flex valign_top type_default stacking_default\"><div class=\"vc_col-sm-4 wpb_column vc_column_container us_animate_hfc\"><div class=\"vc_column-inner\"><div class=\"wpb_wrapper\"><a href=\"http:\/\/www.tiberi.es\/catering-shop-mallorca\/categoria-producto\/carta-de-gourmet\/\"  class=\"ult_price_action_button\"><div class=\"ult_pricing_table_wrap ult_info_table ult_design_1  ult-cs-custom \">\n\t\t\t\t\t<div class=\"ult_pricing_table info_min_ht\" style=\"background:#ffffff;color:#486750; min-height:350px;\"><div class=\"ult_pricing_heading\" id=\"Info-table-wrap-4976\">\n\t\t\t\t\t\t\t<h3 class=\"ult-responsive\"  data-ultimate-target='#Info-table-wrap-4976 h3'  data-responsive-json-new='{\"font-size\":\"\",\"line-height\":\"\"}'  style=\"font-weight:normal;\">Fincas Gourmet<\/h3><\/div><!--ult_pricing_heading--><div class=\"ult_price_body_block\">\n\t\t\t\t\t\t\t<div class=\"ult_price_body\">\n\t\t\t\t\t\t\t\t<div class=\"ult_price\">\n\t\t\t\t\t\t\t\t<div class=\"ult-just-icon-wrapper  \"><div class=\"align-icon\" style=\"text-align:center;\">\n<div class=\"aio-icon-img \" style=\"font-size:200px;display:inline-block;\" >\n\t<img decoding=\"async\" class=\"img-icon\" alt=\"\" src=\"https:\/\/www.tiberi.es\/catering-shop-mallorca\/wp-content\/uploads\/2014\/03\/lechona-deshuesada.jpg\"\/>\n<\/div><\/div><\/div>\n\t\t\t\t\t\t\t\t<\/div>\n\t\t\t\t\t\t\t<\/div>\n\t\t\t\t\t\t<\/div><!--ult_price_body_block--><div id=\"info_table_features_wrap-1170\"  data-ultimate-target='#info_table_features_wrap-1170.ult_price_features'  data-responsive-json-new='{\"font-size\":\"\",\"line-height\":\"\"}'  class=\"ult-responsive ult_price_features\" style=\"font-weight:normal;\">\n\t\t\t\t\t\t\t<p>Elaboramos platos gourmet para las ocasiones especiales o simplemente para concederse un capricho un d\u00eda cualquiera.<\/p>\n\n\t\t\t\t\t\t<\/div><!--ult_price_features--><div class=\"ult_clr\"><\/div>\n\t\t\t<\/div><!--pricing_table-->\n\t\t<\/div><!--pricing_table_wrap--><\/a><\/div><\/div><\/div><div class=\"vc_col-sm-4 wpb_column vc_column_container us_animate_hfc\"><div class=\"vc_column-inner\"><div class=\"wpb_wrapper\"><a href=\"http:\/\/www.tiberi.es\/catering-shop-mallorca\/todos-los-productos\/\"  class=\"ult_price_action_button\"><div class=\"ult_pricing_table_wrap ult_info_table ult_design_1  ult-cs-custom \">\n\t\t\t\t\t<div class=\"ult_pricing_table info_min_ht\" style=\"background:#ffffff;color:#486750; min-height:350px;\"><div class=\"ult_pricing_heading\" id=\"Info-table-wrap-5359\">\n\t\t\t\t\t\t\t<h3 class=\"ult-responsive\"  data-ultimate-target='#Info-table-wrap-5359 h3'  data-responsive-json-new='{\"font-size\":\"\",\"line-height\":\"\"}'  style=\"font-weight:normal;\">Fincas diario<\/h3><\/div><!--ult_pricing_heading--><div class=\"ult_price_body_block\">\n\t\t\t\t\t\t\t<div class=\"ult_price_body\">\n\t\t\t\t\t\t\t\t<div class=\"ult_price\">\n\t\t\t\t\t\t\t\t<div class=\"ult-just-icon-wrapper  \"><div class=\"align-icon\" style=\"text-align:center;\">\n<div class=\"aio-icon-img \" style=\"font-size:200px;display:inline-block;\" >\n\t<img decoding=\"async\" class=\"img-icon\" alt=\"\" src=\"https:\/\/www.tiberi.es\/catering-shop-mallorca\/wp-content\/uploads\/2015\/12\/comida-tradicional.jpg\"\/>\n<\/div><\/div><\/div>\n\t\t\t\t\t\t\t\t<\/div>\n\t\t\t\t\t\t\t<\/div>\n\t\t\t\t\t\t<\/div><!--ult_price_body_block--><div id=\"info_table_features_wrap-5296\"  data-ultimate-target='#info_table_features_wrap-5296.ult_price_features'  data-responsive-json-new='{\"font-size\":\"\",\"line-height\":\"\"}'  class=\"ult-responsive ult_price_features\" style=\"font-weight:normal;\">\n\t\t\t\t\t\t\t<p>Si quieres conocer todos los productos de Tiberi Catering Shop y elaborar tu propio men\u00fa, aqu\u00ed tienes nuestra carta a un solo click.<\/p>\n\n\t\t\t\t\t\t<\/div><!--ult_price_features--><div class=\"ult_clr\"><\/div>\n\t\t\t<\/div><!--pricing_table-->\n\t\t<\/div><!--pricing_table_wrap--><\/a><\/div><\/div><\/div><div class=\"vc_col-sm-4 wpb_column vc_column_container us_animate_hfc\"><div class=\"vc_column-inner\"><div class=\"wpb_wrapper\"><a href=\"http:\/\/www.tiberi.es\/catering-shop-mallorca\/platos-preparados-y-productos-para-fincas\/servicios-premium-fincas\/\"  class=\"ult_price_action_button\"><div class=\"ult_pricing_table_wrap ult_info_table ult_design_1  ult-cs-custom \">\n\t\t\t\t\t<div class=\"ult_pricing_table info_min_ht\" style=\"background:#ffffff;color:#486750; min-height:350px;\"><div class=\"ult_pricing_heading\" id=\"Info-table-wrap-7512\">\n\t\t\t\t\t\t\t<h3 class=\"ult-responsive\"  data-ultimate-target='#Info-table-wrap-7512 h3'  data-responsive-json-new='{\"font-size\":\"\",\"line-height\":\"\"}'  style=\"font-weight:normal;\">Fincas Premium<\/h3><\/div><!--ult_pricing_heading--><div class=\"ult_price_body_block\">\n\t\t\t\t\t\t\t<div class=\"ult_price_body\">\n\t\t\t\t\t\t\t\t<div class=\"ult_price\">\n\t\t\t\t\t\t\t\t<div class=\"ult-just-icon-wrapper  \"><div class=\"align-icon\" style=\"text-align:center;\">\n<div class=\"aio-icon-img \" style=\"font-size:200px;display:inline-block;\" >\n\t<img decoding=\"async\" class=\"img-icon\" alt=\"\" src=\"https:\/\/www.tiberi.es\/catering-shop-mallorca\/wp-content\/uploads\/2015\/05\/dulces-unidad-autor.jpg\"\/>\n<\/div><\/div><\/div>\n\t\t\t\t\t\t\t\t<\/div>\n\t\t\t\t\t\t\t<\/div>\n\t\t\t\t\t\t<\/div><!--ult_price_body_block--><div id=\"info_table_features_wrap-9770\"  data-ultimate-target='#info_table_features_wrap-9770.ult_price_features'  data-responsive-json-new='{\"font-size\":\"\",\"line-height\":\"\"}'  class=\"ult-responsive ult_price_features\" style=\"font-weight:normal;\">\n\t\t\t\t\t\t\t<p>Propuestas y servicios espec\u00edficos para fincas. Necesitas organizar un c\u00f3ctel, un brunch, una comida, una cena\u2026 d\u00e9janos ayudarte para que todo salga perfecto.<\/p>\n\n\t\t\t\t\t\t<\/div><!--ult_price_features--><div class=\"ult_clr\"><\/div>\n\t\t\t<\/div><!--pricing_table-->\n\t\t<\/div><!--pricing_table_wrap--><\/a><\/div><\/div><\/div><\/div><\/div><\/section>\n","protected":false},"excerpt":{"rendered":"Si est\u00e1s disfrutando de unas vacaciones en una finca y no quieres cocinar ni salir a comer o simplemente est\u00e1s buscando un servicio de catering para una celebraci\u00f3n especial, en Tiberi tenemos un surtido variado de productos y men\u00fas ideales para cualquier ocasi\u00f3n. Puedes consultar nuestras sugerencias de platos gourmet, platos para deportistas, elaborar tu...","protected":false},"author":1,"featured_media":0,"parent":0,"menu_order":0,"comment_status":"closed","ping_status":"closed","template":"","meta":{"footnotes":""},"class_list":["post-7844","page","type-page","status-publish","hentry"],"_links":{"self":[{"href":"https:\/\/www.tiberi.es\/catering-shop-mallorca\/wp-json\/wp\/v2\/pages\/7844","targetHints":{"allow":["GET"]}}],"collection":[{"href":"https:\/\/www.tiberi.es\/catering-shop-mallorca\/wp-json\/wp\/v2\/pages"}],"about":[{"href":"https:\/\/www.tiberi.es\/catering-shop-mallorca\/wp-json\/wp\/v2\/types\/page"}],"author":[{"embeddable":true,"href":"https:\/\/www.tiberi.es\/catering-shop-mallorca\/wp-json\/wp\/v2\/users\/1"}],"replies":[{"embeddable":true,"href":"https:\/\/www.tiberi.es\/catering-shop-mallorca\/wp-json\/wp\/v2\/comments?post=7844"}],"version-history":[{"count":8,"href":"https:\/\/www.tiberi.es\/catering-shop-mallorca\/wp-json\/wp\/v2\/pages\/7844\/revisions"}],"predecessor-version":[{"id":10171,"href":"https:\/\/www.tiberi.es\/catering-shop-mallorca\/wp-json\/wp\/v2\/pages\/7844\/revisions\/10171"}],"wp:attachment":[{"href":"https:\/\/www.tiberi.es\/catering-shop-mallorca\/wp-json\/wp\/v2\/media?parent=7844"}],"curies":[{"name":"wp","href":"https:\/\/api.w.org\/{rel}","templated":true}]}}