{"id":10780,"date":"2024-12-03T20:59:12","date_gmt":"2024-12-03T19:59:12","guid":{"rendered":"https:\/\/www.tiberi.es\/catering-shop-mallorca\/?post_type=product&#038;p=10780"},"modified":"2025-11-27T17:54:57","modified_gmt":"2025-11-27T16:54:57","slug":"menu-3-para-estas-fiestas","status":"publish","type":"product","link":"https:\/\/www.tiberi.es\/catering-shop-mallorca\/producto\/menu-3-para-estas-fiestas\/","title":{"rendered":"MEN\u00da 3  PARA ESTAS FIESTAS"},"content":{"rendered":"<p><strong>Crema de almendra tostada de Mallorca<\/strong><br \/>\n<span class=\"alerg\">gluten, leche, frutos con c\u00e1scara, apio, soja<\/span><\/p>\n<p><strong>Bacalao gratinado con alioli, verduritas y patatas <\/strong><br \/>\n<span class=\"alerg\">pescado, huevo<\/span><\/p>\n<p><strong>Canel\u00f3n de pato y lechona con setas (2 unid) con pure de patatas<\/strong><br \/>\n<span class=\"alerg\">gluten, leche, sulfitos, soja<\/span><\/p>\n<p><strong>Nuestro tiramis\u00fa<\/strong><br \/>\n<span class=\"alerg\">gluten, huevos, lacteos, soja, frutos de cascara<\/span><\/p>\n","protected":false},"excerpt":{"rendered":"<p>Crema de almendra tostada de Mallorca gluten, leche, frutos con c\u00e1scara, apio, soja Bacalao gratinado con alioli, verduritas y patatas pescado, huevo Canel\u00f3n de pato y lechona con setas (2 unid) con pure de patatas gluten, leche, sulfitos, soja Nuestro tiramis\u00fa gluten, huevos, lacteos, soja, frutos de cascara<\/p>\n","protected":false},"featured_media":0,"template":"","meta":[],"product_brand":[],"product_cat":[296],"product_tag":[],"class_list":{"0":"post-10780","1":"product","2":"type-product","3":"status-publish","5":"product_cat-solo-por-navidad","7":"first","8":"instock","9":"shipping-taxable","10":"purchasable","11":"product-type-simple"},"_links":{"self":[{"href":"https:\/\/www.tiberi.es\/catering-shop-mallorca\/wp-json\/wp\/v2\/product\/10780","targetHints":{"allow":["GET"]}}],"collection":[{"href":"https:\/\/www.tiberi.es\/catering-shop-mallorca\/wp-json\/wp\/v2\/product"}],"about":[{"href":"https:\/\/www.tiberi.es\/catering-shop-mallorca\/wp-json\/wp\/v2\/types\/product"}],"wp:attachment":[{"href":"https:\/\/www.tiberi.es\/catering-shop-mallorca\/wp-json\/wp\/v2\/media?parent=10780"}],"wp:term":[{"taxonomy":"product_brand","embeddable":true,"href":"https:\/\/www.tiberi.es\/catering-shop-mallorca\/wp-json\/wp\/v2\/product_brand?post=10780"},{"taxonomy":"product_cat","embeddable":true,"href":"https:\/\/www.tiberi.es\/catering-shop-mallorca\/wp-json\/wp\/v2\/product_cat?post=10780"},{"taxonomy":"product_tag","embeddable":true,"href":"https:\/\/www.tiberi.es\/catering-shop-mallorca\/wp-json\/wp\/v2\/product_tag?post=10780"}],"curies":[{"name":"wp","href":"https:\/\/api.w.org\/{rel}","templated":true}]}}