{"id":4073,"date":"2014-11-22T15:31:35","date_gmt":"2014-11-22T13:31:35","guid":{"rendered":"https:\/\/www.tiberi.es\/catering-shop-mallorca\/?post_type=product&#038;p=4073"},"modified":"2025-12-10T09:37:40","modified_gmt":"2025-12-10T08:37:40","slug":"menu-b","status":"publish","type":"product","link":"https:\/\/www.tiberi.es\/catering-shop-mallorca\/producto\/menu-b\/","title":{"rendered":"Men\u00fa B"},"content":{"rendered":"<ul>\n<li>Hojaldre con esp\u00e1rragos, setas de temporada y langostinos<\/li>\n<li> Carrillera de ternera al vino tinto con boniato<\/li>\n<li>Cremoso de lima con crunch de galleta y chocolate<\/li>\n<\/ul>\n<p>Este men\u00fa se sirve completo, lleva las salsas y guarniciones incluidas.<br \/>\nEste men\u00fa no se puede modificar. Si prefiere A LA CARTA, puede elegir cualquier plato individual o combinaci\u00f3n que sea de su agrado.<\/p>\n","protected":false},"excerpt":{"rendered":"<p>Hojaldre con esp\u00e1rragos, setas de temporada y langostinos Carrillera de ternera al vino tinto con boniato Cremoso de lima con crunch de galleta y chocolate Este men\u00fa se sirve completo, lleva las salsas y guarniciones incluidas. Este men\u00fa no se puede modificar. Si prefiere A LA CARTA, puede elegir cualquier plato individual o combinaci\u00f3n que&#8230;<\/p>\n","protected":false},"featured_media":10019,"template":"","meta":[],"product_brand":[],"product_cat":[245,82],"product_tag":[],"class_list":{"0":"post-4073","1":"product","2":"type-product","3":"status-publish","4":"has-post-thumbnail","6":"product_cat-no-disponible-en-navidad","7":"product_cat-menus-cerrados","9":"first","10":"outofstock","11":"shipping-taxable","12":"purchasable","13":"product-type-simple"},"_links":{"self":[{"href":"https:\/\/www.tiberi.es\/catering-shop-mallorca\/wp-json\/wp\/v2\/product\/4073","targetHints":{"allow":["GET"]}}],"collection":[{"href":"https:\/\/www.tiberi.es\/catering-shop-mallorca\/wp-json\/wp\/v2\/product"}],"about":[{"href":"https:\/\/www.tiberi.es\/catering-shop-mallorca\/wp-json\/wp\/v2\/types\/product"}],"wp:featuredmedia":[{"embeddable":true,"href":"https:\/\/www.tiberi.es\/catering-shop-mallorca\/wp-json\/wp\/v2\/media\/10019"}],"wp:attachment":[{"href":"https:\/\/www.tiberi.es\/catering-shop-mallorca\/wp-json\/wp\/v2\/media?parent=4073"}],"wp:term":[{"taxonomy":"product_brand","embeddable":true,"href":"https:\/\/www.tiberi.es\/catering-shop-mallorca\/wp-json\/wp\/v2\/product_brand?post=4073"},{"taxonomy":"product_cat","embeddable":true,"href":"https:\/\/www.tiberi.es\/catering-shop-mallorca\/wp-json\/wp\/v2\/product_cat?post=4073"},{"taxonomy":"product_tag","embeddable":true,"href":"https:\/\/www.tiberi.es\/catering-shop-mallorca\/wp-json\/wp\/v2\/product_tag?post=4073"}],"curies":[{"name":"wp","href":"https:\/\/api.w.org\/{rel}","templated":true}]}}