{"id":5426,"date":"2014-12-10T13:08:04","date_gmt":"2014-12-10T13:08:04","guid":{"rendered":"https:\/\/www.tiberi.es\/catering-shop-mallorca\/product\/confiertes-spanferkel-vom-mallorquinischen-schwarzen-schwein-fur-eine-schnelle-und-einfache-zubereitung\/"},"modified":"2015-06-26T15:25:40","modified_gmt":"2015-06-26T15:25:40","slug":"confiertes-spanferkel-vom-mallorquinischen-schwarzen-schwein-fur-eine-schnelle-und-einfache-zubereitung","status":"publish","type":"product","link":"https:\/\/www.tiberi.es\/catering-shop-mallorca\/producto\/confiertes-spanferkel-vom-mallorquinischen-schwarzen-schwein-fur-eine-schnelle-und-einfache-zubereitung\/","title":{"rendered":"Confiertes Spanferkel garfertig"},"content":{"rendered":"<p><strong>Confiertes Spanferkel vom mallorquinischen schwarzen Schwein f\u00fcr eine schnelle und einfache Zubereitung<\/strong><\/p>\n<p>Es handelt sich um eine verpackte und im Vakuum gegarte (confierte) Portion Spanferkel vom \u00bbmallorquinischen schwarzen Schwein\u00ab, die anschlie\u00dfend nur noch im Ofen aufgew\u00e4rmt werden muss. Das Endergebnis ist eine Portion Spanferkel allerbester Qualit\u00e4t ohne Zusatzstoffe oder Konservierungsmittel. Das mallorquinische schwarze Schwein lebt im Freien und wird auf nat\u00fcrliche Weise ohne Vieh- oder Fertigfutter aufgezogen. Dass die Bedingungen f\u00fcr die Schweinehaltung eingehalten werden, wird vom Kontrollrat \u00fcberwacht.<\/p>\n<p><strong>Zubereitung<\/strong><\/p>\n<ul>\n<li>Den Ofen auf 200 \u00b0C vorheizen.<\/li>\n<li>Den Beutel mit hei\u00dfem Wasser erw\u00e4rmen, bis sich die Gelatine und das Fett verfl\u00fcssigt haben. <\/li>\n<li>Den Beutel \u00f6ffnen und das St\u00fcck Spanferkel auf ein Backblech geben. Etwas Wasser hinzuf\u00fcgen. <\/li>\n<li>Im Ofen bei 190 \u2013 200 \u00baC 40 Minuten garen.<\/li>\n<li>Aus dem Ofen nehmen, mit der gew\u00fcnschten Beilage anrichten und servieren.<\/li>\n<\/ul>\n","protected":false},"excerpt":{"rendered":"<p>Confiertes Spanferkel vom mallorquinischen schwarzen Schwein f\u00fcr eine schnelle und einfache Zubereitung Es handelt sich um eine verpackte und im Vakuum gegarte (confierte) Portion Spanferkel vom \u00bbmallorquinischen schwarzen Schwein\u00ab, die anschlie\u00dfend nur noch im Ofen aufgew\u00e4rmt werden muss. Das Endergebnis ist eine Portion Spanferkel allerbester Qualit\u00e4t ohne Zusatzstoffe oder Konservierungsmittel. Das mallorquinische schwarze Schwein lebt&#8230;<\/p>\n","protected":false},"featured_media":4388,"template":"","meta":[],"product_brand":[],"product_cat":[264],"product_tag":[],"class_list":{"0":"post-5426","1":"product","2":"type-product","3":"status-publish","4":"has-post-thumbnail","6":"product_cat-unkategorisiert","8":"first","9":"outofstock","10":"shipping-taxable","11":"purchasable","12":"product-type-simple"},"_links":{"self":[{"href":"https:\/\/www.tiberi.es\/catering-shop-mallorca\/wp-json\/wp\/v2\/product\/5426","targetHints":{"allow":["GET"]}}],"collection":[{"href":"https:\/\/www.tiberi.es\/catering-shop-mallorca\/wp-json\/wp\/v2\/product"}],"about":[{"href":"https:\/\/www.tiberi.es\/catering-shop-mallorca\/wp-json\/wp\/v2\/types\/product"}],"wp:featuredmedia":[{"embeddable":true,"href":"https:\/\/www.tiberi.es\/catering-shop-mallorca\/wp-json\/wp\/v2\/media\/4388"}],"wp:attachment":[{"href":"https:\/\/www.tiberi.es\/catering-shop-mallorca\/wp-json\/wp\/v2\/media?parent=5426"}],"wp:term":[{"taxonomy":"product_brand","embeddable":true,"href":"https:\/\/www.tiberi.es\/catering-shop-mallorca\/wp-json\/wp\/v2\/product_brand?post=5426"},{"taxonomy":"product_cat","embeddable":true,"href":"https:\/\/www.tiberi.es\/catering-shop-mallorca\/wp-json\/wp\/v2\/product_cat?post=5426"},{"taxonomy":"product_tag","embeddable":true,"href":"https:\/\/www.tiberi.es\/catering-shop-mallorca\/wp-json\/wp\/v2\/product_tag?post=5426"}],"curies":[{"name":"wp","href":"https:\/\/api.w.org\/{rel}","templated":true}]}}

<p><strong>Confiertes Spanferkel vom mallorquinischen schwarzen Schwein für eine schnelle und einfache Zubereitung</strong></p>
<p>Es handelt sich um eine verpackte und im Vakuum gegarte (confierte) Portion Spanferkel vom »mallorquinischen schwarzen Schwein«, die anschließend nur noch im Ofen aufgewärmt werden muss. Das Endergebnis ist eine Portion Spanferkel allerbester Qualität ohne Zusatzstoffe oder Konservierungsmittel. Das mallorquinische schwarze Schwein lebt im Freien und wird auf natürliche Weise ohne Vieh- oder Fertigfutter aufgezogen. Dass die Bedingungen für die Schweinehaltung eingehalten werden, wird vom Kontrollrat überwacht.</p>
<p><strong>Zubereitung</strong></p>
<ul>
<li>Den Ofen auf 200 °C vorheizen.</li>
<li>Den Beutel mit heißem Wasser erwärmen, bis sich die Gelatine und das Fett verflüssigt haben. </li>
<li>Den Beutel öffnen und das Stück Spanferkel auf ein Backblech geben. Etwas Wasser hinzufügen. </li>
<li>Im Ofen bei 190 – 200 ºC 40 Minuten garen.</li>
<li>Aus dem Ofen nehmen, mit der gewünschten Beilage anrichten und servieren.</li>
</ul>

<p>Confiertes Spanferkel vom mallorquinischen schwarzen Schwein für eine schnelle und einfache Zubereitung Es handelt sich um eine verpackte und im Vakuum gegarte (confierte) Portion Spanferkel vom »mallorquinischen schwarzen Schwein«, die anschließend nur noch im Ofen aufgewärmt werden muss. Das Endergebnis ist eine Portion Spanferkel allerbester Qualität ohne Zusatzstoffe oder Konservierungsmittel. Das mallorquinische schwarze Schwein lebt&#8230;</p>
